 -31*t + 9. Let m be j(-1). Calculate the highest common factor of m and s.
8
Let t = -35 - -70. Calculate the greatest common divisor of t and 280.
35
Let p = -34 - -59. Suppose -2*a = -5*k - p, 2 = -k + 1. What is the highest common divisor of a and 110?
10
Let z(d) = -d**3 + 4*d**2 - 4*d + 2. Suppose g = -1 + 3. Let u be z(g). What is the highest common divisor of u and 5?
1
Suppose -48 = 23*i - 25*i. Let n be (5 - -1)/((-2)/(-4)). What is the highest common factor of n and i?
12
Suppose -5*a + 2*i + 61 = 0, 6*i + 28 = 2*a + 4*i. Let p = -7 + 3. Let o be (-1 - 1)/(8/p). Calculate the highest common factor of o and a.
1
Let s(h) be the second derivative of h**3/6 + 5*h**2 - 4*h. Let x be s(-7). What is the greatest common factor of x and 15?
3
Let j be (-1)/(-5) + 447/15. Let z = 21 - j. Let s = z + 17. What is the greatest common divisor of 88 and s?
8
Let j be (-3)/1 - (-5 - 1). Suppose 0 = -j*h - 3, m + 15 = 2*m + 5*h. Suppose -5*l + 23 + 21 = -2*i, 0 = i + 2. Calculate the highest common divisor of m and l.
4
Let l(q) = q**2 - 14*q + 5. Let g be l(15). Let o be 250/g - (-2)/(-4). What is the greatest common divisor of o and 84?
12
Let b(t) = -2*t. Let h be b(-7). What is the highest common divisor of 7 and h?
7
Let u be (-1330)/(-30) + 4/6. What is the highest common divisor of 15 and u?
15
Let m(k) = 3*k. Let p be m(1). What is the greatest common factor of 4 and p?
1
Suppose 0 = 5*h + 2*q - 41, q - 20 = -2*h - 4. Calculate the highest common divisor of 36 and h.
9
Suppose 14*u + 15 = 15*u. Suppose -332 = -2*h - 2*i, 4*h - 2*i - 661 = -3*i. Calculate the highest common divisor of h and u.
15
Suppose 0 = -m - 12 + 82. Calculate the highest common divisor of 14 and m.
14
Let h be (-2)/(-1)*(1 + 1). Let l be (-37)/4 - 2/(-8). Let c be (l/(-6))/(3/4). Calculate the highest common divisor of c and h.
2
Let i(t) = -2*t - 10. Let y be i(-12). What is the highest common divisor of y and 56?
14
Suppose 3*g - o + 18 = 153, 0 = 2*o + 6. Suppose f + f = -3*y + 33, f - 4*y - g = 0. Suppose 5*b - 61 = f. What is the greatest common factor of 119 and b?
17
Suppose -6*n + 18 - 6 = 0. Calculate the greatest common divisor of 8 and n.
2
Let b = 31 + -17. Let c(t) = 2*t + 6. Let x be c(4). What is the greatest common factor of x and b?
14
Suppose 24 = -5*c - 36. Let f be (-4)/c - (-100)/6. Calculate the highest common divisor of f and 153.
17
Let c(g) = g - 1. Let l be c(5). Let o(j) = -6*j - 1. Let z be o(-5). Let t = z + -17. What is the greatest common divisor of t and l?
4
Suppose 8*r - 6 = 5*r. Suppose -2*v + 34 = -r*a, -22 = -v + 2*a - 0*a. Let w = 45 - -51. What is the greatest common divisor of v and w?
12
Suppose 3*g = -4*k - g + 88, 4*k + g = 73. What is the greatest common factor of 68 and k?
17
Let m be 4*(2 - 25/(-20)). What is the greatest common factor of 104 and m?
13
Let a = -111 + 159. Let y(v) = -v**3 - 8*v**2 - 4*v - 4. Let q be y(-7). Let d be 2/5 - 390/q. What is the highest common divisor of a and d?
16
Suppose -4*s + 9*s - 48 = -3*p, 52 = 5*s + 2*p. Suppose 4*u = 4*v + 352, 0*v + 80 = u + v. What is the highest common divisor of u and s?
12
Suppose -170 = -2*o - 3*o + 5*a, -o + 26 = a. Let n be 140/3 - 3/(-9). Let k = n - 27. What is the greatest common factor of o and k?
10
Let t(v) = 2*v**2 + 1. Let n be t(-1). Suppose 4*j = n*b + 23, -2*b = 2*j - 5*j + 17. Let s be 3 + b + 6 + -2. What is the highest common divisor of 4 and s?
2
Suppose -1 = -2*r + 57. Calculate the highest common factor of 145 and r.
29
Suppose -3*d = 4*x - 45, -3*x + 32 + 16 = 3*d. Suppose 4*o + 11 = d. Calculate the greatest common divisor of o and 4.
2
Suppose -5*y = 5*k - 165, -k + 4*k + 141 = 5*y. Suppose 403 = 5*o + 28. What is the greatest common factor of o and y?
15
Let o = 1 + 4. Suppose -2*z + o + 175 = 0. Let l(y) = -2*y + 2. Let j be l(-4). What is the highest common factor of j and z?
10
Let f be (-2)/(-4) - (-510)/4. Let h(v) = -10 + 2 - 7*v - 18. Let y be h(-6). Calculate the greatest common factor of y and f.
16
Suppose -2*v = 4*u - 0*v - 88, -8 = -u - 4*v. Let y(k) = -k**2 + 3*k. Let q be y(4). Let o be 2 - u*q/1. What is the highest common divisor of o and 14?
14
Let l = -90 - -121. Calculate the highest common divisor of 217 and l.
31
Let g be ((-28)/12 + 3)*3. Let m = 114 - 68. Let c = m + g. Calculate the greatest common factor of 6 and c.
6
Suppose 5*i - 5 = -0. Suppose -i = -5*x + 29. Let v = 19 - x. What is the greatest common factor of v and 52?
13
Suppose c + 4*c - 40 = 0. Let j(h) = h**3 - 7*h**2 - 9*h + 5. Let l be j(c). Let o(p) = -p + 3. Let i be o(l). Calculate the highest common factor of i and 15.
3
Let z(n) = -n**2 - 9*n - 3. Let x be z(-6). Suppose 2*y - 167 - 82 = 3*t, y - 129 = 3*t. What is the greatest common divisor of y and x?
15
Suppose -37 - 33 = -5*l + 4*x, 4*l = -5*x + 97. What is the greatest common divisor of 90 and l?
18
Suppose 2*y + 0*y + 12 = 0. Let r(h) be the third derivative of -h**4/6 - 3*h**3/2 + h**2. Let t be r(y). What is the highest common factor of t and 75?
15
Suppose -b + 5*b - 28 = 0. Let v(j) be the first derivative of j**3/3 - 2*j**2 - 10*j - 2. Let l be v(b). Calculate the highest common factor of 99 and l.
11
Let k be (-30)/(-45) + (-5864)/(-6). Let f be (-9)/(-45) + k/10. What is the highest common divisor of f and 14?
14
Let v(a) = 42*a**2 + 6*a + 1. Let b be v(-1). What is the highest common divisor of 333 and b?
37
Let k = 176 + -121. Calculate the highest common factor of 11 and k.
11
Suppose 0 = -3*c + 2*r + 28, -3*c = 4*r - 19 + 3. Let d = -3 - -11. What is the greatest common factor of d and c?
8
Let w be 4/10 - 204/(-15). What is the greatest common divisor of 14 and w?
14
Let g = 56 - 28. What is the highest common factor of 14 and g?
14
Let j be 3 - 0 - (-305)/5. What is the greatest common factor of 96 and j?
32
Suppose -f = 3*b + 5 + 2, -5*b - 45 = 5*f. Let s = 25 + f. What is the greatest common divisor of 10 and s?
5
Suppose 5*q = 4*l - 24, 4*l - 6*q = -2*q + 24. Let p = -16 + 31. Let n = p + -9. What is the highest common factor of l and n?
6
Suppose 9*q - 245 = 4*q. Calculate the greatest common factor of q and 7.
7
Let w(r) = r**2 - 2*r + 45. Let i be w(0). Calculate the greatest common factor of 15 and i.
15
Suppose 3*w - 51 = -3*m, -37 = -4*m - w + 25. Let i(s) = s**3 + 6*s**2 + 2. Let y be i(-6). Suppose y + 1 = j. Calculate the highest common factor of j and m.
3
Suppose 12 = 3*b, 0*i + 2*i + 30 = b. Let x = i - -20. Calculate the highest common divisor of x and 7.
7
Suppose 5*r = 13*r - 120. What is the greatest common divisor of 135 and r?
15
Let i = 6 - 1. Let h(c) = -c**3 - 2*c**2 + 2*c - 2. Let g be h(-3). What is the greatest common factor of i and g?
1
Let c = 6 + 0. Suppose 0 = -q - 1, c - 19 = -4*v - 3*q. What is the highest common factor of v and 36?
4
Suppose 0 = -d - 0 + 3. Let t(r) = -r + 4. Let g be t(d). What is the highest common factor of g and 1?
1
Let o(d) = -2*d + 8. Let z be o(6). Let g be -5*(-3 + z/(-2)). Suppose -g*f + 17 = -h + 2*h, -5*f + 3*h = -29. What is the highest common divisor of 1 and f?
1
Let z = 248 + -87. What is the highest common divisor of 23 and z?
23
Let y be -2 + (-4)/(-2)*50. Let g(u) = 7*u + 91. Let m be g(-11). Calculate the greatest common divisor of y and m.
14
Let m = 24 - 11. Let o(c) = 2*c**3 + 2*c**2 - 5*c + 2. Let k be o(3). Let l = 98 - k. Calculate the greatest common factor of m and l.
13
Let s(o) = o**2 + 4*o - 5. Suppose 2*l - 20 = -2*l. Let t be s(l). What is the greatest common factor of 10 and t?
10
Let m be 4 - 4 - 1*-40. Calculate the highest common factor of m and 40.
40
Suppose -6*r + r = 30. Let v = r + 17. Calculate the greatest common divisor of v and 11.
11
Let n be (-2)/(2*(-2)/20). Suppose -2*c + 34 = -4*l + 3*l, 8 = -2*l. What is the greatest common factor of c and n?
5
Suppose 11 = c + 2*m, 2*c + m = 3*c - 5. What is the highest common factor of 2 and c?
1
Let g = -47 - -71. Suppose -3*o - 4*p = -36, -3*p - 2 = -o - 3. Calculate the greatest common divisor of o and g.
8
Suppose 0 = 2*a - 0*a - 124. Let i be 10/15*42/4. Suppose -126 = -5*y - 3*g, -4*y = -i*y + 5*g + a. Calculate the highest common divisor of 12 and y.
12
Let n be (-22)/(0 - 1)*1. Suppose 2*x - 167 = 229. Calculate the greatest com